{"id":2322,"date":"2026-01-09T14:32:14","date_gmt":"2026-01-09T14:32:14","guid":{"rendered":"https:\/\/www.coblence-avocats.com\/equipe\/frederic-coppinger\/"},"modified":"2026-02-23T14:00:31","modified_gmt":"2026-02-23T14:00:31","slug":"frederic-coppinger","status":"publish","type":"equipe","link":"https:\/\/www.coblence-avocats.com\/en\/equipe\/frederic-coppinger\/","title":{"rendered":"Fr\u00e9d\u00e9ric Coppinger"},"content":{"rendered":"\n<p>Fr\u00e9d\u00e9ric advises and defends exclusively a clientele consisting of real estate professionals, institutions, social landlords, private project owners, construction companies in all their real estate and construction law issues.<\/p>\n\n\n\n<p>He provides advice and handles litigation both in private and public markets, at each stage of real estate transactions, from building design to sale, and for the awarding and monitoring of private and public works contracts.<\/p>\n\n\n\n<p>He has developed specific expertise in commercial leases.<\/p>\n","protected":false},"author":3,"featured_media":2324,"template":"","class_list":["post-2322","equipe","type-equipe","status-publish","has-post-thumbnail","hentry"],"acf":[],"yoast_head":"<!-- This site is optimized with the Yoast SEO plugin v26.8 - https:\/\/yoast.com\/product\/yoast-seo-wordpress\/ -->\n<title>Fr\u00e9d\u00e9ric Coppinger | Associ\u00e9 \u2013 Droit Immobilier &amp; Construction<\/title>\n<meta name=\"description\" content=\"Fr\u00e9d\u00e9ric Coppinger est avocat associ\u00e9 chez Coblence avocats. Il accompagne les acteurs de l\u2019immobilier et de la construction en conseil et en contentieux complexes.\" \/>\n<meta name=\"robots\" content=\"index, follow, max-snippet:-1, max-image-preview:large, max-video-preview:-1\" \/>\n<link rel=\"canonical\" href=\"https:\/\/www.coblence-avocats.com\/en\/equipe\/frederic-coppinger\/\" \/>\n<meta property=\"og:locale\" content=\"en_US\" \/>\n<meta property=\"og:type\" content=\"article\" \/>\n<meta property=\"og:title\" content=\"Fr\u00e9d\u00e9ric Coppinger | Associ\u00e9 \u2013 Droit Immobilier &amp; Construction\" \/>\n<meta property=\"og:description\" content=\"Fr\u00e9d\u00e9ric Coppinger est avocat associ\u00e9 chez Coblence avocats. Il accompagne les acteurs de l\u2019immobilier et de la construction en conseil et en contentieux complexes.\" \/>\n<meta property=\"og:url\" content=\"https:\/\/www.coblence-avocats.com\/en\/equipe\/frederic-coppinger\/\" \/>\n<meta property=\"og:site_name\" content=\"Coblence\" \/>\n<meta property=\"article:modified_time\" content=\"2026-02-23T14:00:31+00:00\" \/>\n<meta property=\"og:image\" content=\"https:\/\/www.coblence-avocats.com\/wp-content\/uploads\/2026\/01\/Single-9.png\" \/>\n\t<meta property=\"og:image:width\" content=\"640\" \/>\n\t<meta property=\"og:image:height\" content=\"420\" \/>\n\t<meta property=\"og:image:type\" content=\"image\/png\" \/>\n<meta name=\"twitter:card\" content=\"summary_large_image\" \/>\n<meta name=\"twitter:label1\" content=\"Est. reading time\" \/>\n\t<meta name=\"twitter:data1\" content=\"1 minute\" \/>\n<script type=\"application\/ld+json\" class=\"yoast-schema-graph\">{\"@context\":\"https:\/\/schema.org\",\"@graph\":[{\"@type\":\"WebPage\",\"@id\":\"https:\/\/www.coblence-avocats.com\/en\/equipe\/frederic-coppinger\/\",\"url\":\"https:\/\/www.coblence-avocats.com\/en\/equipe\/frederic-coppinger\/\",\"name\":\"Fr\u00e9d\u00e9ric Coppinger | Associ\u00e9 \u2013 Droit Immobilier & Construction\",\"isPartOf\":{\"@id\":\"https:\/\/www.coblence-avocats.com\/#website\"},\"primaryImageOfPage\":{\"@id\":\"https:\/\/www.coblence-avocats.com\/en\/equipe\/frederic-coppinger\/#primaryimage\"},\"image\":{\"@id\":\"https:\/\/www.coblence-avocats.com\/en\/equipe\/frederic-coppinger\/#primaryimage\"},\"thumbnailUrl\":\"https:\/\/www.coblence-avocats.com\/wp-content\/uploads\/2026\/01\/Single-9.png\",\"datePublished\":\"2026-01-09T14:32:14+00:00\",\"dateModified\":\"2026-02-23T14:00:31+00:00\",\"description\":\"Fr\u00e9d\u00e9ric Coppinger est avocat associ\u00e9 chez Coblence avocats. Il accompagne les acteurs de l\u2019immobilier et de la construction en conseil et en contentieux complexes.\",\"breadcrumb\":{\"@id\":\"https:\/\/www.coblence-avocats.com\/en\/equipe\/frederic-coppinger\/#breadcrumb\"},\"inLanguage\":\"en-US\",\"potentialAction\":[{\"@type\":\"ReadAction\",\"target\":[\"https:\/\/www.coblence-avocats.com\/en\/equipe\/frederic-coppinger\/\"]}]},{\"@type\":\"ImageObject\",\"inLanguage\":\"en-US\",\"@id\":\"https:\/\/www.coblence-avocats.com\/en\/equipe\/frederic-coppinger\/#primaryimage\",\"url\":\"https:\/\/www.coblence-avocats.com\/wp-content\/uploads\/2026\/01\/Single-9.png\",\"contentUrl\":\"https:\/\/www.coblence-avocats.com\/wp-content\/uploads\/2026\/01\/Single-9.png\",\"width\":2868,\"height\":1880},{\"@type\":\"BreadcrumbList\",\"@id\":\"https:\/\/www.coblence-avocats.com\/en\/equipe\/frederic-coppinger\/#breadcrumb\",\"itemListElement\":[{\"@type\":\"ListItem\",\"position\":1,\"name\":\"Accueil\",\"item\":\"https:\/\/www.coblence-avocats.com\/en\/\"},{\"@type\":\"ListItem\",\"position\":2,\"name\":\"Fr\u00e9d\u00e9ric Coppinger\"}]},{\"@type\":\"WebSite\",\"@id\":\"https:\/\/www.coblence-avocats.com\/#website\",\"url\":\"https:\/\/www.coblence-avocats.com\/\",\"name\":\"Coblence\",\"description\":\"\",\"potentialAction\":[{\"@type\":\"SearchAction\",\"target\":{\"@type\":\"EntryPoint\",\"urlTemplate\":\"https:\/\/www.coblence-avocats.com\/?s={search_term_string}\"},\"query-input\":{\"@type\":\"PropertyValueSpecification\",\"valueRequired\":true,\"valueName\":\"search_term_string\"}}],\"inLanguage\":\"en-US\"}]}<\/script>\n<!-- \/ Yoast SEO plugin. -->","yoast_head_json":{"title":"Fr\u00e9d\u00e9ric Coppinger | Associ\u00e9 \u2013 Droit Immobilier & Construction","description":"Fr\u00e9d\u00e9ric Coppinger est avocat associ\u00e9 chez Coblence avocats. Il accompagne les acteurs de l\u2019immobilier et de la construction en conseil et en contentieux complexes.","robots":{"index":"index","follow":"follow","max-snippet":"max-snippet:-1","max-image-preview":"max-image-preview:large","max-video-preview":"max-video-preview:-1"},"canonical":"https:\/\/www.coblence-avocats.com\/en\/equipe\/frederic-coppinger\/","og_locale":"en_US","og_type":"article","og_title":"Fr\u00e9d\u00e9ric Coppinger | Associ\u00e9 \u2013 Droit Immobilier & Construction","og_description":"Fr\u00e9d\u00e9ric Coppinger est avocat associ\u00e9 chez Coblence avocats. Il accompagne les acteurs de l\u2019immobilier et de la construction en conseil et en contentieux complexes.","og_url":"https:\/\/www.coblence-avocats.com\/en\/equipe\/frederic-coppinger\/","og_site_name":"Coblence","article_modified_time":"2026-02-23T14:00:31+00:00","og_image":[{"url":"https:\/\/www.coblence-avocats.com\/wp-content\/uploads\/2026\/01\/Single-9.png","width":640,"height":420,"type":"image\/png"}],"twitter_card":"summary_large_image","twitter_misc":{"Est. reading time":"1 minute"},"schema":{"@context":"https:\/\/schema.org","@graph":[{"@type":"WebPage","@id":"https:\/\/www.coblence-avocats.com\/en\/equipe\/frederic-coppinger\/","url":"https:\/\/www.coblence-avocats.com\/en\/equipe\/frederic-coppinger\/","name":"Fr\u00e9d\u00e9ric Coppinger | Associ\u00e9 \u2013 Droit Immobilier & Construction","isPartOf":{"@id":"https:\/\/www.coblence-avocats.com\/#website"},"primaryImageOfPage":{"@id":"https:\/\/www.coblence-avocats.com\/en\/equipe\/frederic-coppinger\/#primaryimage"},"image":{"@id":"https:\/\/www.coblence-avocats.com\/en\/equipe\/frederic-coppinger\/#primaryimage"},"thumbnailUrl":"https:\/\/www.coblence-avocats.com\/wp-content\/uploads\/2026\/01\/Single-9.png","datePublished":"2026-01-09T14:32:14+00:00","dateModified":"2026-02-23T14:00:31+00:00","description":"Fr\u00e9d\u00e9ric Coppinger est avocat associ\u00e9 chez Coblence avocats. Il accompagne les acteurs de l\u2019immobilier et de la construction en conseil et en contentieux complexes.","breadcrumb":{"@id":"https:\/\/www.coblence-avocats.com\/en\/equipe\/frederic-coppinger\/#breadcrumb"},"inLanguage":"en-US","potentialAction":[{"@type":"ReadAction","target":["https:\/\/www.coblence-avocats.com\/en\/equipe\/frederic-coppinger\/"]}]},{"@type":"ImageObject","inLanguage":"en-US","@id":"https:\/\/www.coblence-avocats.com\/en\/equipe\/frederic-coppinger\/#primaryimage","url":"https:\/\/www.coblence-avocats.com\/wp-content\/uploads\/2026\/01\/Single-9.png","contentUrl":"https:\/\/www.coblence-avocats.com\/wp-content\/uploads\/2026\/01\/Single-9.png","width":2868,"height":1880},{"@type":"BreadcrumbList","@id":"https:\/\/www.coblence-avocats.com\/en\/equipe\/frederic-coppinger\/#breadcrumb","itemListElement":[{"@type":"ListItem","position":1,"name":"Accueil","item":"https:\/\/www.coblence-avocats.com\/en\/"},{"@type":"ListItem","position":2,"name":"Fr\u00e9d\u00e9ric Coppinger"}]},{"@type":"WebSite","@id":"https:\/\/www.coblence-avocats.com\/#website","url":"https:\/\/www.coblence-avocats.com\/","name":"Coblence","description":"","potentialAction":[{"@type":"SearchAction","target":{"@type":"EntryPoint","urlTemplate":"https:\/\/www.coblence-avocats.com\/?s={search_term_string}"},"query-input":{"@type":"PropertyValueSpecification","valueRequired":true,"valueName":"search_term_string"}}],"inLanguage":"en-US"}]}},"_links":{"self":[{"href":"https:\/\/www.coblence-avocats.com\/en\/wp-json\/wp\/v2\/equipe\/2322","targetHints":{"allow":["GET"]}}],"collection":[{"href":"https:\/\/www.coblence-avocats.com\/en\/wp-json\/wp\/v2\/equipe"}],"about":[{"href":"https:\/\/www.coblence-avocats.com\/en\/wp-json\/wp\/v2\/types\/equipe"}],"author":[{"embeddable":true,"href":"https:\/\/www.coblence-avocats.com\/en\/wp-json\/wp\/v2\/users\/3"}],"version-history":[{"count":1,"href":"https:\/\/www.coblence-avocats.com\/en\/wp-json\/wp\/v2\/equipe\/2322\/revisions"}],"predecessor-version":[{"id":2356,"href":"https:\/\/www.coblence-avocats.com\/en\/wp-json\/wp\/v2\/equipe\/2322\/revisions\/2356"}],"wp:featuredmedia":[{"embeddable":true,"href":"https:\/\/www.coblence-avocats.com\/en\/wp-json\/wp\/v2\/media\/2324"}],"wp:attachment":[{"href":"https:\/\/www.coblence-avocats.com\/en\/wp-json\/wp\/v2\/media?parent=2322"}],"curies":[{"name":"wp","href":"https:\/\/api.w.org\/{rel}","templated":true}]}}

Frédéric Coppinger

<p>Frédéric advises and defends exclusively a clientele consisting of real estate professionals, institutions, social landlords, private project owners, construction companies in all their real estate and construction law issues.</p>



<p>He provides advice and handles litigation both in private and public markets, at each stage of real estate transactions, from building design to sale, and for the awarding and monitoring of private and public works contracts.</p>



<p>He has developed specific expertise in commercial leases.</p>

<!-- This site is optimized with the Yoast SEO plugin v26.8 - https://yoast.com/product/yoast-seo-wordpress/ -->
<title>Frédéric Coppinger | Associé – Droit Immobilier &amp; Construction</title>
<meta name="description" content="Frédéric Coppinger est avocat associé chez Coblence avocats. Il accompagne les acteurs de l’immobilier et de la construction en conseil et en contentieux complexes." />
<meta name="robots" content="index, follow, max-snippet:-1, max-image-preview:large, max-video-preview:-1" />
<link rel="canonical" href="https://www.coblence-avocats.com/en/equipe/frederic-coppinger/" />
<meta property="og:locale" content="en_US" />
<meta property="og:type" content="article" />
<meta property="og:title" content="Frédéric Coppinger | Associé – Droit Immobilier &amp; Construction" />
<meta property="og:description" content="Frédéric Coppinger est avocat associé chez Coblence avocats. Il accompagne les acteurs de l’immobilier et de la construction en conseil et en contentieux complexes." />
<meta property="og:url" content="https://www.coblence-avocats.com/en/equipe/frederic-coppinger/" />
<meta property="og:site_name" content="Coblence" />
<meta property="article:modified_time" content="2026-02-23T14:00:31+00:00" />
<meta property="og:image" content="https://www.coblence-avocats.com/wp-content/uploads/2026/01/Single-9.png" />
	<meta property="og:image:width" content="640" />
	<meta property="og:image:height" content="420" />
	<meta property="og:image:type" content="image/png" />
<meta name="twitter:card" content="summary_large_image" />
<meta name="twitter:label1" content="Est. reading time" />
	<meta name="twitter:data1" content="1 minute" />
<script type="application/ld+json" class="yoast-schema-graph">{"@context":"https://schema.org","@graph":[{"@type":"WebPage","@id":"https://www.coblence-avocats.com/en/equipe/frederic-coppinger/","url":"https://www.coblence-avocats.com/en/equipe/frederic-coppinger/","name":"Frédéric Coppinger | Associé – Droit Immobilier & Construction","isPartOf":{"@id":"https://www.coblence-avocats.com/#website"},"primaryImageOfPage":{"@id":"https://www.coblence-avocats.com/en/equipe/frederic-coppinger/#primaryimage"},"image":{"@id":"https://www.coblence-avocats.com/en/equipe/frederic-coppinger/#primaryimage"},"thumbnailUrl":"https://www.coblence-avocats.com/wp-content/uploads/2026/01/Single-9.png","datePublished":"2026-01-09T14:32:14+00:00","dateModified":"2026-02-23T14:00:31+00:00","description":"Frédéric Coppinger est avocat associé chez Coblence avocats. Il accompagne les acteurs de l’immobilier et de la construction en conseil et en contentieux complexes.","breadcrumb":{"@id":"https://www.coblence-avocats.com/en/equipe/frederic-coppinger/#breadcrumb"},"inLanguage":"en-US","potentialAction":[{"@type":"ReadAction","target":["https://www.coblence-avocats.com/en/equipe/frederic-coppinger/"]}]},{"@type":"ImageObject","inLanguage":"en-US","@id":"https://www.coblence-avocats.com/en/equipe/frederic-coppinger/#primaryimage","url":"https://www.coblence-avocats.com/wp-content/uploads/2026/01/Single-9.png","contentUrl":"https://www.coblence-avocats.com/wp-content/uploads/2026/01/Single-9.png","width":2868,"height":1880},{"@type":"BreadcrumbList","@id":"https://www.coblence-avocats.com/en/equipe/frederic-coppinger/#breadcrumb","itemListElement":[{"@type":"ListItem","position":1,"name":"Accueil","item":"https://www.coblence-avocats.com/en/"},{"@type":"ListItem","position":2,"name":"Frédéric Coppinger"}]},{"@type":"WebSite","@id":"https://www.coblence-avocats.com/#website","url":"https://www.coblence-avocats.com/","name":"Coblence","description":"","potentialAction":[{"@type":"SearchAction","target":{"@type":"EntryPoint","urlTemplate":"https://www.coblence-avocats.com/?s={search_term_string}"},"query-input":{"@type":"PropertyValueSpecification","valueRequired":true,"valueName":"search_term_string"}}],"inLanguage":"en-US"}]}</script>
<!-- / Yoast SEO plugin. -->

Frédéric Coppinger | Associé – Droit Immobilier & Construction

Frédéric Coppinger est avocat associé chez Coblence avocats. Il accompagne les acteurs de l’immobilier et de la construction en conseil et en contentieux complexes.
